{"id":73,"date":"2024-03-20T16:59:07","date_gmt":"2024-03-20T15:59:07","guid":{"rendered":"https:\/\/corothalassa.com\/?page_id=73"},"modified":"2025-12-08T18:05:18","modified_gmt":"2025-12-08T17:05:18","slug":"direccion","status":"publish","type":"page","link":"https:\/\/corothalassa.com\/index.php\/direccion\/","title":{"rendered":"Direcci\u00f3n"},"content":{"rendered":"<p>[et_pb_section fb_built=\u00bb1&#8243; admin_label=\u00bbHeader\u00bb _builder_version=\u00bb4.24.2&#8243; _module_preset=\u00bbdefault\u00bb background_image=\u00bbhttps:\/\/corothalassa.com\/wp-content\/uploads\/2024\/05\/director.jpeg\u00bb background_position=\u00bbtop_center\u00bb background_vertical_offset=\u00bb23%\u00bb custom_padding=\u00bb6vw||6vw||true|false\u00bb collapsed=\u00bbon\u00bb global_colors_info=\u00bb{}\u00bb][et_pb_row _builder_version=\u00bb4.24.2&#8243; _module_preset=\u00bbdefault\u00bb background_color=\u00bbrgba(0,127,224,0.53)\u00bb custom_padding=\u00bb|30px||30px|false|true\u00bb border_radii=\u00bbon|10px|10px|10px|10px\u00bb global_colors_info=\u00bb{}\u00bb][et_pb_column type=\u00bb4_4&#8243; _builder_version=\u00bb4.20.0&#8243; _module_preset=\u00bbdefault\u00bb global_colors_info=\u00bb{}\u00bb][et_pb_text _builder_version=\u00bb4.24.2&#8243; _module_preset=\u00bb0cce86dd-2fc2-43c0-9b05-57ac2b56c974&#8243; header_text_color=\u00bb#FFFFFF\u00bb text_orientation=\u00bbcenter\u00bb global_colors_info=\u00bb{}\u00bb]<\/p>\n<h1 style=\"text-align: left;\">direcci\u00f3n<\/h1>\n<p>[\/et_pb_text][\/et_pb_column][\/et_pb_row][\/et_pb_section][et_pb_section fb_built=\u00bb1&#8243; admin_label=\u00bbAbout\u00bb _builder_version=\u00bb4.20.0&#8243; _module_preset=\u00bbdefault\u00bb background_color=\u00bbgcid-c22116c1-81a4-4cbf-84dc-c3f928405165&#8243; collapsed=\u00bbon\u00bb global_colors_info=\u00bb{%22gcid-c22116c1-81a4-4cbf-84dc-c3f928405165%22:%91%22background_color%22%93}\u00bb][et_pb_row column_structure=\u00bb1_2,1_2&#8243; _builder_version=\u00bb4.20.0&#8243; _module_preset=\u00bbdefault\u00bb global_colors_info=\u00bb{}\u00bb][et_pb_column type=\u00bb1_2&#8243; _builder_version=\u00bb4.20.0&#8243; _module_preset=\u00bbdefault\u00bb global_colors_info=\u00bb{}\u00bb][et_pb_text _builder_version=\u00bb4.24.2&#8243; _module_preset=\u00bbf24efaec-f7d1-47d6-96c5-28082e43cec1&#8243; text_font_size=\u00bb13px\u00bb text_text_shadow_style=\u00bbpreset2&#8243; global_colors_info=\u00bb{}\u00bb]<\/p>\n<h2>gonzalo mart\u00edn<\/h2>\n<p>[\/et_pb_text][et_pb_text _builder_version=\u00bb4.24.2&#8243; _module_preset=\u00bbdc55a650-f051-4d68-972c-808e94276518&#8243; global_colors_info=\u00bb{}\u00bb]<\/p>\n<p><span>Amante de la m\u00fasica cl\u00e1sica y especialmente de la m\u00fasica coral, desde ni\u00f1o empieza sus estudios de piano y canto en el Conservatorio Profesional de Valladolid acabando en el a\u00f1o 2013. <br \/><\/span><\/p>\n<p><span>A lo largo de todos estos a\u00f1os ha recibido numerosos cursos de direcci\u00f3n y t\u00e9cnica vocal, destacando los impartidos por Martin Schmidt y Vasco Negreiros en Daroca, por Julio Dominguez en Pontevedra, los de la Coral \u00c1gora de Segovia\u00a0 y otros muchos realizados por la Federaci\u00f3n Coral de Castilla y Le\u00f3n. <\/span><\/p>\n<p><span>Ha sido profesor de piano, canto y lenguaje musical en la Escuela Municipal de M\u00fasica de Medina de Rioseco as\u00ed como director de la banda municipal de m\u00fasica. Tambi\u00e9n cabe destacar su labor como organista lit\u00fargico, materia de la que es un gran apasionado. <\/span><\/p>\n<p><span>Ha sido director de la Coral Regia de Santovenia de Pisuerga y de la Coral Riosecana Almirante Enriquez con la que grab\u00f3 un CD. Asimismo\u00a0 ha participado como cantor en numerosas agrupaciones corales de Castilla y Le\u00f3n. <\/span><\/p>\n<p><span>Actualmente es director de nuestro coro y est\u00e1 entusiasmado porque siempre le han gustado agrupaciones corales peque\u00f1as y de calidad.<\/span><\/p>\n<p>[\/et_pb_text][\/et_pb_column][et_pb_column type=\u00bb1_2&#8243; _builder_version=\u00bb4.20.0&#8243; _module_preset=\u00bbdefault\u00bb global_colors_info=\u00bb{}\u00bb][et_pb_image src=\u00bbhttps:\/\/corothalassa.com\/wp-content\/uploads\/2024\/05\/director.jpeg\u00bb title_text=\u00bbdirector\u00bb _builder_version=\u00bb4.24.2&#8243; _module_preset=\u00bbdefault\u00bb border_radii=\u00bboff|10px|300px|300px|10px\u00bb global_colors_info=\u00bb{}\u00bb][\/et_pb_image][\/et_pb_column][\/et_pb_row][\/et_pb_section][et_pb_section fb_built=\u00bb1&#8243; admin_label=\u00bbFeatures\u00bb _builder_version=\u00bb4.20.0&#8243; _module_preset=\u00bbdefault\u00bb background_color=\u00bb#FAF6F5&#8243; overflow-x=\u00bbhidden\u00bb overflow-y=\u00bbhidden\u00bb use_background_color_gradient_tablet=\u00bboff\u00bb collapsed=\u00bbon\u00bb global_colors_info=\u00bb{%22gcid-cf870a03-80a6-4d88-85c2-0a445fd22166%22:%91%22box_shadow_color%22%93}\u00bb][et_pb_row column_structure=\u00bb1_2,1_2&#8243; use_custom_gutter=\u00bbon\u00bb gutter_width=\u00bb1&#8243; make_equal=\u00bbon\u00bb custom_padding_last_edited=\u00bboff|desktop\u00bb _builder_version=\u00bb4.20.0&#8243; _module_preset=\u00bbdefault\u00bb custom_padding_tablet=\u00bb60px||||false|false\u00bb custom_padding_phone=\u00bb30px||||false|false\u00bb global_colors_info=\u00bb{%22gcid-cf870a03-80a6-4d88-85c2-0a445fd22166%22:%91%22background_color_gradient_stops%22%93,%22gcid-c22116c1-81a4-4cbf-84dc-c3f928405165%22:%91%22background_color_gradient_stops%22%93}\u00bb][et_pb_column type=\u00bb1_2&#8243; _builder_version=\u00bb4.20.0&#8243; _module_preset=\u00bbdefault\u00bb background_color=\u00bb#E3DDD4&#8243; custom_padding=\u00bb40px|40px|40px|40px|true|true\u00bb border_radii=\u00bboff|10px|||\u00bb box_shadow_style=\u00bbpreset4&#8243; box_shadow_horizontal=\u00bb-20vw\u00bb box_shadow_vertical=\u00bb-20vw\u00bb box_shadow_spread=\u00bb20vw\u00bb box_shadow_color=\u00bb#E3DDD4&#8243; global_colors_info=\u00bb{}\u00bb][et_pb_image src=\u00bbhttps:\/\/corothalassa.com\/wp-content\/uploads\/2025\/12\/Screenshot_2025-12-08-18-04-38-07_b783bf344239542886fee7b48fa4b892.jpg\u00bb title_text=\u00bbScreenshot_2025-12-08-18-04-38-07_b783bf344239542886fee7b48fa4b892&#8243; _builder_version=\u00bb4.27.4&#8243; _module_preset=\u00bbdefault\u00bb hover_enabled=\u00bb0&#8243; border_radii=\u00bbon|10px|10px|10px|10px\u00bb global_colors_info=\u00bb{}\u00bb sticky_enabled=\u00bb0&#8243;][\/et_pb_image][\/et_pb_column][et_pb_column type=\u00bb1_2&#8243; _builder_version=\u00bb4.20.0&#8243; _module_preset=\u00bbdefault\u00bb custom_padding=\u00bb|||60px|false|false\u00bb custom_padding_tablet=\u00bb30px|30px|30px|30px|true|true\u00bb custom_padding_phone=\u00bb20px|20px||20px|false|true\u00bb custom_padding_last_edited=\u00bbon|tablet\u00bb global_colors_info=\u00bb{}\u00bb][et_pb_text _builder_version=\u00bb4.24.2&#8243; _module_preset=\u00bbf24efaec-f7d1-47d6-96c5-28082e43cec1&#8243; text_font_size=\u00bb13px\u00bb custom_margin=\u00bb||30px||false|false\u00bb global_colors_info=\u00bb{}\u00bb]<\/p>\n<h2>anteriores<\/h2>\n<p>[\/et_pb_text][et_pb_blurb title=\u00bbRvdo. D. Manuel Latorre Lafuente (Fundador)\u00bb use_icon=\u00bbon\u00bb font_icon=\u00bb&#x4e;||divi||400&#8243; _builder_version=\u00bb4.24.2&#8243; _module_preset=\u00bb5b134404-9547-46db-b145-82a0b264a8a0&#8243; custom_margin=\u00bb||30px||false|false\u00bb border_color_all=\u00bbgcid-0157c9e8-50f8-41bb-b9f9-1f2c22f48581&#8243; locked=\u00bboff\u00bb global_colors_info=\u00bb{%22gcid-dfca0e9b-c2d5-4a0d-bd54-692f77707a05%22:%91%22text_text_color%22,%22header_5_text_color%22,%22icon_color%22,%22text_text_color%22,%22header_5_text_color%22%93,%22gcid-0157c9e8-50f8-41bb-b9f9-1f2c22f48581%22:%91%22border_color_all%22%93}\u00bb]<\/p>\n<p><span>Fundador del Coro y Director desde el a\u00f1o 1994 al 96.<\/span><\/p>\n<p>[\/et_pb_blurb][et_pb_blurb title=\u00bbFrancisco Gago Lubi\u00e1n\u00bb use_icon=\u00bbon\u00bb font_icon=\u00bb&#x4e;||divi||400&#8243; _builder_version=\u00bb4.20.0&#8243; _module_preset=\u00bb5b134404-9547-46db-b145-82a0b264a8a0&#8243; custom_margin=\u00bb||30px||false|false\u00bb border_color_all=\u00bbgcid-0157c9e8-50f8-41bb-b9f9-1f2c22f48581&#8243; locked=\u00bboff\u00bb global_colors_info=\u00bb{%22gcid-dfca0e9b-c2d5-4a0d-bd54-692f77707a05%22:%91%22text_text_color%22,%22header_5_text_color%22,%22icon_color%22,%22text_text_color%22,%22header_5_text_color%22%93,%22gcid-0157c9e8-50f8-41bb-b9f9-1f2c22f48581%22:%91%22border_color_all%22%93}\u00bb]<\/p>\n<p><span>Director desde 1996 a 2019<\/span><\/p>\n<p>[\/et_pb_blurb][\/et_pb_column][\/et_pb_row][\/et_pb_section]<\/p>\n","protected":false},"excerpt":{"rendered":"<p>direcci\u00f3ngonzalo mart\u00ednAmante de la m\u00fasica cl\u00e1sica y especialmente de la m\u00fasica coral, desde ni\u00f1o empieza sus estudios de piano y canto en el Conservatorio Profesional de Valladolid acabando en el a\u00f1o 2013. A lo largo de todos estos a\u00f1os ha recibido numerosos cursos de direcci\u00f3n y t\u00e9cnica vocal, destacando los impartidos por Martin Schmidt y [&hellip;]<\/p>\n","protected":false},"author":1,"featured_media":0,"parent":0,"menu_order":0,"comment_status":"closed","ping_status":"closed","template":"","meta":{"_et_pb_use_builder":"on","_et_pb_old_content":"","_et_gb_content_width":"","footnotes":""},"class_list":["post-73","page","type-page","status-publish","hentry"],"yoast_head":"<!-- This site is optimized with the Yoast SEO plugin v25.9 - https:\/\/yoast.com\/wordpress\/plugins\/seo\/ -->\n<title>Direcci\u00f3n - Coro Thalassa<\/title>\n<meta name=\"robots\" content=\"index, follow, max-snippet:-1, max-image-preview:large, max-video-preview:-1\" \/>\n<link rel=\"canonical\" href=\"https:\/\/corothalassa.com\/index.php\/direccion\/\" \/>\n<meta property=\"og:locale\" content=\"es_ES\" \/>\n<meta property=\"og:type\" content=\"article\" \/>\n<meta property=\"og:title\" content=\"Direcci\u00f3n - Coro Thalassa\" \/>\n<meta property=\"og:description\" content=\"direcci\u00f3ngonzalo mart\u00ednAmante de la m\u00fasica cl\u00e1sica y especialmente de la m\u00fasica coral, desde ni\u00f1o empieza sus estudios de piano y canto en el Conservatorio Profesional de Valladolid acabando en el a\u00f1o 2013. A lo largo de todos estos a\u00f1os ha recibido numerosos cursos de direcci\u00f3n y t\u00e9cnica vocal, destacando los impartidos por Martin Schmidt y [&hellip;]\" \/>\n<meta property=\"og:url\" content=\"https:\/\/corothalassa.com\/index.php\/direccion\/\" \/>\n<meta property=\"og:site_name\" content=\"Coro Thalassa\" \/>\n<meta property=\"article:modified_time\" content=\"2025-12-08T17:05:18+00:00\" \/>\n<meta name=\"twitter:card\" content=\"summary_large_image\" \/>\n<meta name=\"twitter:label1\" content=\"Tiempo de lectura\" \/>\n\t<meta name=\"twitter:data1\" content=\"2 minutos\" \/>\n<script type=\"application\/ld+json\" class=\"yoast-schema-graph\">{\"@context\":\"https:\/\/schema.org\",\"@graph\":[{\"@type\":\"WebPage\",\"@id\":\"https:\/\/corothalassa.com\/index.php\/direccion\/\",\"url\":\"https:\/\/corothalassa.com\/index.php\/direccion\/\",\"name\":\"Direcci\u00f3n - Coro Thalassa\",\"isPartOf\":{\"@id\":\"https:\/\/corothalassa.com\/#website\"},\"datePublished\":\"2024-03-20T15:59:07+00:00\",\"dateModified\":\"2025-12-08T17:05:18+00:00\",\"breadcrumb\":{\"@id\":\"https:\/\/corothalassa.com\/index.php\/direccion\/#breadcrumb\"},\"inLanguage\":\"es\",\"potentialAction\":[{\"@type\":\"ReadAction\",\"target\":[\"https:\/\/corothalassa.com\/index.php\/direccion\/\"]}]},{\"@type\":\"BreadcrumbList\",\"@id\":\"https:\/\/corothalassa.com\/index.php\/direccion\/#breadcrumb\",\"itemListElement\":[{\"@type\":\"ListItem\",\"position\":1,\"name\":\"Home\",\"item\":\"https:\/\/corothalassa.com\/\"},{\"@type\":\"ListItem\",\"position\":2,\"name\":\"Direcci\u00f3n\"}]},{\"@type\":\"WebSite\",\"@id\":\"https:\/\/corothalassa.com\/#website\",\"url\":\"https:\/\/corothalassa.com\/\",\"name\":\"Coro Thalassa\",\"description\":\"Thalassa Coro de C\u00e1mara\",\"potentialAction\":[{\"@type\":\"SearchAction\",\"target\":{\"@type\":\"EntryPoint\",\"urlTemplate\":\"https:\/\/corothalassa.com\/?s={search_term_string}\"},\"query-input\":{\"@type\":\"PropertyValueSpecification\",\"valueRequired\":true,\"valueName\":\"search_term_string\"}}],\"inLanguage\":\"es\"}]}<\/script>\n<!-- \/ Yoast SEO plugin. -->","yoast_head_json":{"title":"Direcci\u00f3n - Coro Thalassa","robots":{"index":"index","follow":"follow","max-snippet":"max-snippet:-1","max-image-preview":"max-image-preview:large","max-video-preview":"max-video-preview:-1"},"canonical":"https:\/\/corothalassa.com\/index.php\/direccion\/","og_locale":"es_ES","og_type":"article","og_title":"Direcci\u00f3n - Coro Thalassa","og_description":"direcci\u00f3ngonzalo mart\u00ednAmante de la m\u00fasica cl\u00e1sica y especialmente de la m\u00fasica coral, desde ni\u00f1o empieza sus estudios de piano y canto en el Conservatorio Profesional de Valladolid acabando en el a\u00f1o 2013. A lo largo de todos estos a\u00f1os ha recibido numerosos cursos de direcci\u00f3n y t\u00e9cnica vocal, destacando los impartidos por Martin Schmidt y [&hellip;]","og_url":"https:\/\/corothalassa.com\/index.php\/direccion\/","og_site_name":"Coro Thalassa","article_modified_time":"2025-12-08T17:05:18+00:00","twitter_card":"summary_large_image","twitter_misc":{"Tiempo de lectura":"2 minutos"},"schema":{"@context":"https:\/\/schema.org","@graph":[{"@type":"WebPage","@id":"https:\/\/corothalassa.com\/index.php\/direccion\/","url":"https:\/\/corothalassa.com\/index.php\/direccion\/","name":"Direcci\u00f3n - Coro Thalassa","isPartOf":{"@id":"https:\/\/corothalassa.com\/#website"},"datePublished":"2024-03-20T15:59:07+00:00","dateModified":"2025-12-08T17:05:18+00:00","breadcrumb":{"@id":"https:\/\/corothalassa.com\/index.php\/direccion\/#breadcrumb"},"inLanguage":"es","potentialAction":[{"@type":"ReadAction","target":["https:\/\/corothalassa.com\/index.php\/direccion\/"]}]},{"@type":"BreadcrumbList","@id":"https:\/\/corothalassa.com\/index.php\/direccion\/#breadcrumb","itemListElement":[{"@type":"ListItem","position":1,"name":"Home","item":"https:\/\/corothalassa.com\/"},{"@type":"ListItem","position":2,"name":"Direcci\u00f3n"}]},{"@type":"WebSite","@id":"https:\/\/corothalassa.com\/#website","url":"https:\/\/corothalassa.com\/","name":"Coro Thalassa","description":"Thalassa Coro de C\u00e1mara","potentialAction":[{"@type":"SearchAction","target":{"@type":"EntryPoint","urlTemplate":"https:\/\/corothalassa.com\/?s={search_term_string}"},"query-input":{"@type":"PropertyValueSpecification","valueRequired":true,"valueName":"search_term_string"}}],"inLanguage":"es"}]}},"_links":{"self":[{"href":"https:\/\/corothalassa.com\/index.php\/wp-json\/wp\/v2\/pages\/73","targetHints":{"allow":["GET"]}}],"collection":[{"href":"https:\/\/corothalassa.com\/index.php\/wp-json\/wp\/v2\/pages"}],"about":[{"href":"https:\/\/corothalassa.com\/index.php\/wp-json\/wp\/v2\/types\/page"}],"author":[{"embeddable":true,"href":"https:\/\/corothalassa.com\/index.php\/wp-json\/wp\/v2\/users\/1"}],"replies":[{"embeddable":true,"href":"https:\/\/corothalassa.com\/index.php\/wp-json\/wp\/v2\/comments?post=73"}],"version-history":[{"count":9,"href":"https:\/\/corothalassa.com\/index.php\/wp-json\/wp\/v2\/pages\/73\/revisions"}],"predecessor-version":[{"id":1702,"href":"https:\/\/corothalassa.com\/index.php\/wp-json\/wp\/v2\/pages\/73\/revisions\/1702"}],"wp:attachment":[{"href":"https:\/\/corothalassa.com\/index.php\/wp-json\/wp\/v2\/media?parent=73"}],"curies":[{"name":"wp","href":"https:\/\/api.w.org\/{rel}","templated":true}]}}