{"id":15,"date":"2024-03-19T17:26:25","date_gmt":"2024-03-19T16:26:25","guid":{"rendered":"https:\/\/corothalassa.com\/?page_id=15"},"modified":"2024-07-03T21:28:05","modified_gmt":"2024-07-03T19:28:05","slug":"historia","status":"publish","type":"page","link":"https:\/\/corothalassa.com\/index.php\/historia\/","title":{"rendered":"Historia"},"content":{"rendered":"<p>[et_pb_section fb_built=\u00bb1&#8243; admin_label=\u00bbHeader\u00bb _builder_version=\u00bb4.24.2&#8243; _module_preset=\u00bbdefault\u00bb background_image=\u00bbhttps:\/\/corothalassa.com\/wp-content\/uploads\/2024\/07\/historiacoro.jpg\u00bb custom_padding=\u00bb6vw||6vw||true|false\u00bb hover_enabled=\u00bb0&#8243; collapsed=\u00bbon\u00bb global_colors_info=\u00bb{}\u00bb title_text=\u00bbhistoriacoro\u00bb background_position=\u00bbtop_center\u00bb sticky_enabled=\u00bb0&#8243; custom_margin=\u00bb||-2px|||\u00bb min_height=\u00bb462.4px\u00bb][\/et_pb_section][et_pb_section fb_built=\u00bb1&#8243; admin_label=\u00bbAbout\u00bb _builder_version=\u00bb4.20.0&#8243; _module_preset=\u00bbdefault\u00bb background_color=\u00bbgcid-c22116c1-81a4-4cbf-84dc-c3f928405165&#8243; collapsed=\u00bbon\u00bb global_colors_info=\u00bb{%22gcid-c22116c1-81a4-4cbf-84dc-c3f928405165%22:%91%22background_color%22%93}\u00bb min_height=\u00bb2049.9px\u00bb custom_padding=\u00bb76px|||||\u00bb custom_margin=\u00bb||-6px|||\u00bb][et_pb_row column_structure=\u00bb1_2,1_2&#8243; _builder_version=\u00bb4.20.0&#8243; _module_preset=\u00bbdefault\u00bb global_colors_info=\u00bb{}\u00bb][et_pb_column type=\u00bb1_2&#8243; _builder_version=\u00bb4.20.0&#8243; _module_preset=\u00bbdefault\u00bb global_colors_info=\u00bb{}\u00bb][et_pb_text _builder_version=\u00bb4.24.2&#8243; _module_preset=\u00bbf799ef43-dd8f-4150-b497-51795eb8c0a6&#8243; global_colors_info=\u00bb{}\u00bb]<\/p>\n<h2>historia<\/h2>\n<p>[\/et_pb_text][et_pb_text _builder_version=\u00bb4.24.2&#8243; _module_preset=\u00bb112dfdab-bd17-4456-828c-6e4d546d8de0&#8243; global_colors_info=\u00bb{}\u00bb]<\/p>\n<div align=\"justify\"><span style=\"color: #254189; font-family: Microsoft Sans Serif;\">\u201cTHALASSA\u201d<\/span><span style=\"color: #000000; font-family: Microsoft Sans Serif;\"><span>\u00a0<\/span>es un t\u00e9rmino griego cuyo significando se define como \u201cola\u201d, \u201cmar\u201d&#8230; y que da nombre a nuestro Coro de C\u00e1mara desde que fuera fundado en Mar\u00edn (Pontevedra-Espa\u00f1a) el a\u00f1o 1994 por el Rvdo. D. Manuel Latorre Lafuente, su primer director, entorno al cual se reunieron una serie de personas, hombres inicialmente, y grandes amantes de la m\u00fasica vocal con la intenci\u00f3n de disfrutar con la m\u00fasica y aumentar el nivel cultural de la ciudad de Mar\u00edn en la que nos desarrollamos.<\/span><\/div>\n<div align=\"justify\"><span style=\"color: #000000; font-family: Microsoft Sans Serif;\">\u00a0<\/span><\/div>\n<div align=\"justify\"><span style=\"color: #000000; font-family: Microsoft Sans Serif;\">Al ser trasladado por motivos profesionales D. Manuel Latorre, en el a\u00f1o 1996, se hace cargo de la direcci\u00f3n Francisco Gago Lubi\u00e1n, transform\u00e1ndose el coro de hombres en un coro mixto, ganando en brillantez y posibilidades art\u00edsticas.<\/span><\/div>\n<div align=\"justify\"><span style=\"color: #000000; font-family: Microsoft Sans Serif;\">\u00a0<\/span><\/div>\n<div align=\"justify\"><span style=\"color: #000000; font-family: Microsoft Sans Serif;\">En la actualidad el Coro de C\u00e1mara THALASSA est\u00e1 compuesto por 16-20 voces, n\u00famero que hemos considerado m\u00e1s adecuado, para hacerlo m\u00e1s vers\u00e1til y conseguir modulaciones que nos permitan expresar de la forma m\u00e1s adecuada el sentimiento de las\u00a0 obras que interpretamos, as\u00ed como una mayor facilidad en los traslados a los conciertos a los que somos requeridos.<\/span><\/div>\n<div align=\"justify\"><span style=\"color: #000000; font-family: Microsoft Sans Serif;\">\u00a0<\/span><\/div>\n<div align=\"justify\"><span style=\"color: #000000; font-family: Microsoft Sans Serif;\"><u>Director<\/u><\/span><\/div>\n<div align=\"justify\"><span style=\"color: #000000; font-family: Microsoft Sans Serif;\">\u00a0<\/span><\/div>\n<div align=\"justify\"><span style=\"color: #000000; font-family: Microsoft Sans Serif;\">Gonzalo Mart\u00edn Lorenzo,\u00a0 director con probada experiencia y estudiado talento, sustituye desde el 2019 la extensa y extraordinaria labor realizada al frente de Thalassa por\u00a0 Francisco Gago Lubi\u00e1n .<\/span><\/div>\n<div align=\"justify\"><span style=\"color: #000000; font-family: Microsoft Sans Serif;\">\u00a0<\/span><\/div>\n<div align=\"justify\"><span style=\"color: #000000; font-family: Microsoft Sans Serif;\"><\/span><span style=\"color: #000000; font-family: Microsoft Sans Serif;\"><u>Actividades<\/u><\/span><\/div>\n<div align=\"justify\"><span style=\"color: #000000; font-family: Microsoft Sans Serif;\">\u00a0<\/span><\/div>\n<div align=\"justify\"><span style=\"color: #000000; font-family: Microsoft Sans Serif;\">Dos son los periodos en los que no puede faltar la colaboraci\u00f3n del Coro de C\u00e1mara THALASSA a lo largo del a\u00f1o:\u00a0 Navidad y\u00a0 Semana Santa.<\/span><span style=\"color: #000000; font-family: Microsoft Sans Serif;\">\u00a0<\/span><\/div>\n<div align=\"justify\"><span style=\"color: #000000; font-family: Microsoft Sans Serif;\">\u00a0<\/span><\/div>\n<div align=\"justify\"><span style=\"color: #000000; font-family: Microsoft Sans Serif;\"><span style=\"color: #000000; font-family: Microsoft Sans Serif;\">Desde que la Federaci\u00f3n cre\u00f3 el Certamen Anual de Corales (2006), el Coro de C\u00e1mara\u00a0 THALASSA ha sido seleccionado siempre para la final. La selecci\u00f3n se realiza a trav\u00e9s de grabaciones realizadas durante el a\u00f1o y enviadas sin referencias a la Federaci\u00f3n donde un jurado elige, solamente escuchando las grabaciones, las cinco corales con m\u00e1s calidad interpretativa y que actuar\u00e1n en el certamen anual que se realiza en Santiago de Compostela. Tambi\u00e9n ha participado en los ciclos musicales organizados por la Conseller\u00eda de Cultura de la Xunta de Galicia, Diputaci\u00f3n Provincial, Ayuntamiento de Mar\u00edn y otros.<\/span><\/span><\/p>\n<div align=\"justify\"><\/div>\n<\/div>\n<div align=\"justify\"><span style=\"color: #000000; font-family: Microsoft Sans Serif;\"><\/span><\/div>\n<div align=\"justify\"><span style=\"color: #000000; font-family: Microsoft Sans Serif;\"><\/span><\/div>\n<div align=\"justify\"><span style=\"color: #000000; font-family: Microsoft Sans Serif;\"><\/span><\/div>\n<div align=\"justify\"><span style=\"color: #000000; font-family: Microsoft Sans Serif;\"><\/span><\/div>\n<div align=\"justify\"><span style=\"color: #000000; font-family: Microsoft Sans Serif;\"><\/span><\/div>\n<div align=\"justify\"><span style=\"color: #000000; font-family: Microsoft Sans Serif;\"><\/span><\/div>\n<div align=\"justify\"><span style=\"color: #000000; font-family: Microsoft Sans Serif;\"><\/span><\/div>\n<div align=\"justify\"><span style=\"color: #000000; font-family: Microsoft Sans Serif;\"><\/span><\/div>\n<div align=\"justify\"><span style=\"color: #000000; font-family: Microsoft Sans Serif;\"><\/span><\/div>\n<div align=\"justify\"><span style=\"color: #000000; font-family: Microsoft Sans Serif;\"><\/span><\/div>\n<div align=\"justify\"><span style=\"color: #000000; font-family: Microsoft Sans Serif;\"><\/span><\/div>\n<div align=\"justify\"><span style=\"color: #000000; font-family: Microsoft Sans Serif;\"><\/span><\/div>\n<div align=\"justify\"><span style=\"color: #000000; font-family: Microsoft Sans Serif;\"><\/span><\/div>\n<div align=\"justify\"><span style=\"color: #000000; font-family: Microsoft Sans Serif;\"><\/span><\/div>\n<div align=\"justify\"><span style=\"color: #000000; font-family: Microsoft Sans Serif;\"><span style=\"color: #000000; font-family: Microsoft Sans Serif;\">El 21 de diciembre de 2023, participamos con otros coros gallegos en el proyecto \u00abCantamos\u00bb de la Real Filarmon\u00eda de Galicia bajo la batuta de Javier Fajardo, experiencia muy enriquecedora a pesar del esfuerzo que supone para coros no profesionales, interpretando obras de Xoan Montes y Juan Dur\u00e1n.<\/span><\/span><\/p>\n<div align=\"justify\"><\/div>\n<div align=\"justify\"><\/div>\n<\/div>\n<div align=\"justify\"><span style=\"color: #000000; font-family: Microsoft Sans Serif;\"><\/span><\/div>\n<div align=\"justify\"><span style=\"color: #000000; font-family: Microsoft Sans Serif;\">Las actuaciones del Coro de C\u00e1mara THALASSA a lo largo de todos estos a\u00f1os han sido m\u00faltiples y variadas, recorriendo toda la geograf\u00eda gallega, por todas sus maravillosas Catedrales (Santiago de Compostela, Tu\u00ed, Lugo, Ourense, Mondo\u00f1edo) y en multitud de sus bell\u00edsimas Iglesias que, debido a su estructura y la piedra con que se construyeron, se alcanzan unos niveles de calidad sonora extraordinarios. Asimismo ha sido reclamado para dar varios conciertos en Portugal donde es muy apreciado por la calidad art\u00edstica mostrada, habiendo tenido un gran \u00e9xito de p\u00fablico y cr\u00edticas en las diferentes ocasiones. Adem\u00e1s ha dado conciertos en otras Comunidades lim\u00edtrofes con Galicia.<\/span><\/div>\n<div align=\"justify\"><span style=\"color: #000000; font-family: Microsoft Sans Serif;\"><\/span><\/div>\n<div align=\"justify\"><span style=\"color: #000000; font-family: Microsoft Sans Serif;\"><\/span><\/div>\n<div align=\"justify\"><span style=\"color: #000000; font-family: Microsoft Sans Serif;\"><\/span><\/div>\n<div align=\"justify\"><span style=\"color: #000000; font-family: Microsoft Sans Serif;\"><\/span><\/div>\n<div align=\"justify\"><span style=\"color: #000000; font-family: Microsoft Sans Serif;\"><\/span><\/div>\n<div align=\"justify\"><span style=\"color: #000000; font-family: Microsoft Sans Serif;\"><\/span><\/div>\n<div align=\"justify\"><span style=\"color: #000000; font-family: Microsoft Sans Serif;\"><\/span><\/div>\n<div align=\"justify\"><span style=\"color: #000000; font-family: Microsoft Sans Serif;\"><\/span><\/div>\n<p>[\/et_pb_text][\/et_pb_column][et_pb_column type=\u00bb1_2&#8243; _builder_version=\u00bb4.20.0&#8243; _module_preset=\u00bbdefault\u00bb global_colors_info=\u00bb{}\u00bb][et_pb_image src=\u00bbhttps:\/\/corothalassa.com\/wp-content\/uploads\/2024\/07\/HISTORIAPEQ.jpg\u00bb title_text=\u00bbHISTORIAPEQ\u00bb _builder_version=\u00bb4.24.2&#8243; _module_preset=\u00bbdefault\u00bb hover_enabled=\u00bb0&#8243; border_radii=\u00bboff|10px|300px|300px|10px\u00bb global_colors_info=\u00bb{}\u00bb sticky_enabled=\u00bb0&#8243;][\/et_pb_image][\/et_pb_column][\/et_pb_row][\/et_pb_section]<\/p>\n","protected":false},"excerpt":{"rendered":"<p>historia\u201cTHALASSA\u201d\u00a0es un t\u00e9rmino griego cuyo significando se define como \u201cola\u201d, \u201cmar\u201d&#8230; y que da nombre a nuestro Coro de C\u00e1mara desde que fuera fundado en Mar\u00edn (Pontevedra-Espa\u00f1a) el a\u00f1o 1994 por el Rvdo. D. Manuel Latorre Lafuente, su primer director, entorno al cual se reunieron una serie de personas, hombres inicialmente, y grandes amantes de [&hellip;]<\/p>\n","protected":false},"author":1,"featured_media":0,"parent":0,"menu_order":0,"comment_status":"closed","ping_status":"closed","template":"","meta":{"_et_pb_use_builder":"on","_et_pb_old_content":"","_et_gb_content_width":"","footnotes":""},"class_list":["post-15","page","type-page","status-publish","hentry"],"yoast_head":"<!-- This site is optimized with the Yoast SEO plugin v25.9 - https:\/\/yoast.com\/wordpress\/plugins\/seo\/ -->\n<title>Historia - Coro Thalassa<\/title>\n<meta name=\"robots\" content=\"index, follow, max-snippet:-1, max-image-preview:large, max-video-preview:-1\" \/>\n<link rel=\"canonical\" href=\"https:\/\/corothalassa.com\/index.php\/historia\/\" \/>\n<meta property=\"og:locale\" content=\"es_ES\" \/>\n<meta property=\"og:type\" content=\"article\" \/>\n<meta property=\"og:title\" content=\"Historia - Coro Thalassa\" \/>\n<meta property=\"og:description\" content=\"historia\u201cTHALASSA\u201d\u00a0es un t\u00e9rmino griego cuyo significando se define como \u201cola\u201d, \u201cmar\u201d... y que da nombre a nuestro Coro de C\u00e1mara desde que fuera fundado en Mar\u00edn (Pontevedra-Espa\u00f1a) el a\u00f1o 1994 por el Rvdo. D. Manuel Latorre Lafuente, su primer director, entorno al cual se reunieron una serie de personas, hombres inicialmente, y grandes amantes de [&hellip;]\" \/>\n<meta property=\"og:url\" content=\"https:\/\/corothalassa.com\/index.php\/historia\/\" \/>\n<meta property=\"og:site_name\" content=\"Coro Thalassa\" \/>\n<meta property=\"article:modified_time\" content=\"2024-07-03T19:28:05+00:00\" \/>\n<meta name=\"twitter:card\" content=\"summary_large_image\" \/>\n<script type=\"application\/ld+json\" class=\"yoast-schema-graph\">{\"@context\":\"https:\/\/schema.org\",\"@graph\":[{\"@type\":\"WebPage\",\"@id\":\"https:\/\/corothalassa.com\/index.php\/historia\/\",\"url\":\"https:\/\/corothalassa.com\/index.php\/historia\/\",\"name\":\"Historia - Coro Thalassa\",\"isPartOf\":{\"@id\":\"https:\/\/corothalassa.com\/#website\"},\"datePublished\":\"2024-03-19T16:26:25+00:00\",\"dateModified\":\"2024-07-03T19:28:05+00:00\",\"breadcrumb\":{\"@id\":\"https:\/\/corothalassa.com\/index.php\/historia\/#breadcrumb\"},\"inLanguage\":\"es\",\"potentialAction\":[{\"@type\":\"ReadAction\",\"target\":[\"https:\/\/corothalassa.com\/index.php\/historia\/\"]}]},{\"@type\":\"BreadcrumbList\",\"@id\":\"https:\/\/corothalassa.com\/index.php\/historia\/#breadcrumb\",\"itemListElement\":[{\"@type\":\"ListItem\",\"position\":1,\"name\":\"Home\",\"item\":\"https:\/\/corothalassa.com\/\"},{\"@type\":\"ListItem\",\"position\":2,\"name\":\"Historia\"}]},{\"@type\":\"WebSite\",\"@id\":\"https:\/\/corothalassa.com\/#website\",\"url\":\"https:\/\/corothalassa.com\/\",\"name\":\"Coro Thalassa\",\"description\":\"Thalassa Coro de C\u00e1mara\",\"potentialAction\":[{\"@type\":\"SearchAction\",\"target\":{\"@type\":\"EntryPoint\",\"urlTemplate\":\"https:\/\/corothalassa.com\/?s={search_term_string}\"},\"query-input\":{\"@type\":\"PropertyValueSpecification\",\"valueRequired\":true,\"valueName\":\"search_term_string\"}}],\"inLanguage\":\"es\"}]}<\/script>\n<!-- \/ Yoast SEO plugin. -->","yoast_head_json":{"title":"Historia - Coro Thalassa","robots":{"index":"index","follow":"follow","max-snippet":"max-snippet:-1","max-image-preview":"max-image-preview:large","max-video-preview":"max-video-preview:-1"},"canonical":"https:\/\/corothalassa.com\/index.php\/historia\/","og_locale":"es_ES","og_type":"article","og_title":"Historia - Coro Thalassa","og_description":"historia\u201cTHALASSA\u201d\u00a0es un t\u00e9rmino griego cuyo significando se define como \u201cola\u201d, \u201cmar\u201d... y que da nombre a nuestro Coro de C\u00e1mara desde que fuera fundado en Mar\u00edn (Pontevedra-Espa\u00f1a) el a\u00f1o 1994 por el Rvdo. D. Manuel Latorre Lafuente, su primer director, entorno al cual se reunieron una serie de personas, hombres inicialmente, y grandes amantes de [&hellip;]","og_url":"https:\/\/corothalassa.com\/index.php\/historia\/","og_site_name":"Coro Thalassa","article_modified_time":"2024-07-03T19:28:05+00:00","twitter_card":"summary_large_image","schema":{"@context":"https:\/\/schema.org","@graph":[{"@type":"WebPage","@id":"https:\/\/corothalassa.com\/index.php\/historia\/","url":"https:\/\/corothalassa.com\/index.php\/historia\/","name":"Historia - Coro Thalassa","isPartOf":{"@id":"https:\/\/corothalassa.com\/#website"},"datePublished":"2024-03-19T16:26:25+00:00","dateModified":"2024-07-03T19:28:05+00:00","breadcrumb":{"@id":"https:\/\/corothalassa.com\/index.php\/historia\/#breadcrumb"},"inLanguage":"es","potentialAction":[{"@type":"ReadAction","target":["https:\/\/corothalassa.com\/index.php\/historia\/"]}]},{"@type":"BreadcrumbList","@id":"https:\/\/corothalassa.com\/index.php\/historia\/#breadcrumb","itemListElement":[{"@type":"ListItem","position":1,"name":"Home","item":"https:\/\/corothalassa.com\/"},{"@type":"ListItem","position":2,"name":"Historia"}]},{"@type":"WebSite","@id":"https:\/\/corothalassa.com\/#website","url":"https:\/\/corothalassa.com\/","name":"Coro Thalassa","description":"Thalassa Coro de C\u00e1mara","potentialAction":[{"@type":"SearchAction","target":{"@type":"EntryPoint","urlTemplate":"https:\/\/corothalassa.com\/?s={search_term_string}"},"query-input":{"@type":"PropertyValueSpecification","valueRequired":true,"valueName":"search_term_string"}}],"inLanguage":"es"}]}},"_links":{"self":[{"href":"https:\/\/corothalassa.com\/index.php\/wp-json\/wp\/v2\/pages\/15","targetHints":{"allow":["GET"]}}],"collection":[{"href":"https:\/\/corothalassa.com\/index.php\/wp-json\/wp\/v2\/pages"}],"about":[{"href":"https:\/\/corothalassa.com\/index.php\/wp-json\/wp\/v2\/types\/page"}],"author":[{"embeddable":true,"href":"https:\/\/corothalassa.com\/index.php\/wp-json\/wp\/v2\/users\/1"}],"replies":[{"embeddable":true,"href":"https:\/\/corothalassa.com\/index.php\/wp-json\/wp\/v2\/comments?post=15"}],"version-history":[{"count":9,"href":"https:\/\/corothalassa.com\/index.php\/wp-json\/wp\/v2\/pages\/15\/revisions"}],"predecessor-version":[{"id":1493,"href":"https:\/\/corothalassa.com\/index.php\/wp-json\/wp\/v2\/pages\/15\/revisions\/1493"}],"wp:attachment":[{"href":"https:\/\/corothalassa.com\/index.php\/wp-json\/wp\/v2\/media?parent=15"}],"curies":[{"name":"wp","href":"https:\/\/api.w.org\/{rel}","templated":true}]}}